{"id":1323,"date":"2014-12-14T16:36:30","date_gmt":"2014-12-14T14:36:30","guid":{"rendered":"http:\/\/zenimm.local\/?page_id=44"},"modified":"2026-02-12T17:34:45","modified_gmt":"2026-02-12T16:34:45","slug":"zen-um-was-geht-es","status":"publish","type":"page","link":"https:\/\/www.zenimmax.ch\/angebote\/zen-um-was-geht-es\/","title":{"rendered":"Zen &#8211; um was es geht"},"content":{"rendered":"\n<p class=\"has-ast-global-color-5-background-color has-background\"><strong>Tautropfen &#8211; nichts als Tautropfen \u2013 und doch, und doch \u2026 !<\/strong><br>(Haiku von Issa Kobayashi, 1763 &#8211; 1828)<br><br>Zen ist im 6. Jahrhundert in China aus dem Zusammentreffen des Buddhismus mit dem Taoismus entstanden und hat eine eigene Meditationspraxis entwickelt. Die \u00dcbung des Zazen &#8211; des Sitzens in Stille &#8211; f\u00fchrt zur Einsicht in die Beschaffenheit der Wirklichkeit, und zwar als Erfahrung: Nichts ist best\u00e4ndig, nichts existiert in sich unabh\u00e4ngig von anderem, alles existiert in wechselseitiger Abh\u00e4ngigkeit &#8211; wie der Tautropfen, der in der Sonne verdunstet. Und dennoch, in dieser Verletzlichkeit liegt ein Wert, eine Sch\u00f6nheit, um die wir uns k\u00fcmmern und sorgen.<br><\/p>\n\n\n\n<p class=\"has-ast-global-color-5-background-color has-background\"><span style=\"color: #000000;\">Literatur: Siehe<\/span><span style=\"color: #008080;\"><a style=\"color: #008080;\" href=\"https:\/\/www.zendo-inneres-lind.ch\/de\/Zen\/Zen-Literatur\" target=\"_blank\" rel=\"noopener\"> Zen-Literatur, Filme, Texte <\/a><\/span><span style=\"color: #000000;\">vom Zendo<\/span> <span style=\"color: #008080;\"><a style=\"color: #008080;\" href=\"https:\/\/www.zendo-inneres-lind.ch\/de\/\" target=\"_blank\" rel=\"noopener\">Inneres Lind <\/a><\/span><\/p>\n\n\n\n<p><\/p>\n","protected":false},"excerpt":{"rendered":"<p>Tautropfen &#8211; nichts als Tautropfen \u2013 und doch, und doch \u2026 !(Haiku von Issa Kobayashi, 1763 &#8211; 1828) Zen ist [&hellip;]<\/p>\n","protected":false},"author":2,"featured_media":0,"parent":0,"menu_order":5,"comment_status":"closed","ping_status":"closed","template":"","meta":{"site-sidebar-layout":"default","site-content-layout":"","ast-site-content-layout":"","site-content-style":"default","site-sidebar-style":"default","ast-global-header-display":"","ast-banner-title-visibility":"","ast-main-header-display":"","ast-hfb-above-header-display":"","ast-hfb-below-header-display":"","ast-hfb-mobile-header-display":"","site-post-title":"","ast-breadcrumbs-content":"","ast-featured-img":"","footer-sml-layout":"","theme-transparent-header-meta":"","adv-header-id-meta":"","stick-header-meta":"","header-above-stick-meta":"","header-main-stick-meta":"","header-below-stick-meta":"","astra-migrate-meta-layouts":"default","ast-page-background-enabled":"default","ast-page-background-meta":{"desktop":{"background-color":"var(--ast-global-color-5)","background-image":"","background-repeat":"repeat","background-position":"center center","background-size":"auto","background-attachment":"scroll","background-type":"","background-media":"","overlay-type":"","overlay-color":"","overlay-opacity":"","overlay-gradient":""},"tablet":{"background-color":"","background-image":"","background-repeat":"repeat","background-position":"center center","background-size":"auto","background-attachment":"scroll","background-type":"","background-media":"","overlay-type":"","overlay-color":"","overlay-opacity":"","overlay-gradient":""},"mobile":{"background-color":"","background-image":"","background-repeat":"repeat","background-position":"center center","background-size":"auto","background-attachment":"scroll","background-type":"","background-media":"","overlay-type":"","overlay-color":"","overlay-opacity":"","overlay-gradient":""}},"ast-content-background-meta":{"desktop":{"background-color":"var(--ast-global-color-4)","background-image":"","background-repeat":"repeat","background-position":"center center","background-size":"auto","background-attachment":"scroll","background-type":"","background-media":"","overlay-type":"","overlay-color":"","overlay-opacity":"","overlay-gradient":""},"tablet":{"background-color":"var(--ast-global-color-4)","background-image":"","background-repeat":"repeat","background-position":"center center","background-size":"auto","background-attachment":"scroll","background-type":"","background-media":"","overlay-type":"","overlay-color":"","overlay-opacity":"","overlay-gradient":""},"mobile":{"background-color":"var(--ast-global-color-4)","background-image":"","background-repeat":"repeat","background-position":"center center","background-size":"auto","background-attachment":"scroll","background-type":"","background-media":"","overlay-type":"","overlay-color":"","overlay-opacity":"","overlay-gradient":""}},"footnotes":""},"class_list":["post-1323","page","type-page","status-publish","hentry"],"_links":{"self":[{"href":"https:\/\/www.zenimmax.ch\/angebote\/wp-json\/wp\/v2\/pages\/1323","targetHints":{"allow":["GET"]}}],"collection":[{"href":"https:\/\/www.zenimmax.ch\/angebote\/wp-json\/wp\/v2\/pages"}],"about":[{"href":"https:\/\/www.zenimmax.ch\/angebote\/wp-json\/wp\/v2\/types\/page"}],"author":[{"embeddable":true,"href":"https:\/\/www.zenimmax.ch\/angebote\/wp-json\/wp\/v2\/users\/2"}],"replies":[{"embeddable":true,"href":"https:\/\/www.zenimmax.ch\/angebote\/wp-json\/wp\/v2\/comments?post=1323"}],"version-history":[{"count":12,"href":"https:\/\/www.zenimmax.ch\/angebote\/wp-json\/wp\/v2\/pages\/1323\/revisions"}],"predecessor-version":[{"id":1672,"href":"https:\/\/www.zenimmax.ch\/angebote\/wp-json\/wp\/v2\/pages\/1323\/revisions\/1672"}],"wp:attachment":[{"href":"https:\/\/www.zenimmax.ch\/angebote\/wp-json\/wp\/v2\/media?parent=1323"}],"curies":[{"name":"wp","href":"https:\/\/api.w.org\/{rel}","templated":true}]}}